 f = -157. What is the greatest common divisor of m and 41?
41
Let j be (-3080)/21*2052/(-180). What is the greatest common divisor of j and 228?
76
Suppose -4*f + 96 = -f. Suppose -155*m - 35807 + 34191 + 80976 = 0. Calculate the highest common divisor of m and f.
32
Let l(s) = -82*s**2 - 504*s + 10. Let c be l(-5). Suppose -v + 7 = -8. Calculate the greatest common factor of v and c.
15
Let d(b) = -3*b**2 + 74*b + 89. Let a be d(21). What is the highest common factor of 144 and a?
16
Let d be 9/30 - (8 + (-3108)/40). Let c be 0/((-5)/(10/8)). Suppose -1 = z - c, 4*z + 88 = 3*t. Calculate the highest common divisor of d and t.
14
Suppose -121 = h + 54. Let k = -1537 - -1787. Let i = k + h. What is the greatest common divisor of 15 and i?
15
Suppose -95*q + 125*q = 2640. Calculate the greatest common divisor of 2101 and q.
11
Let b be (-543 - -4) + 3/1. Let x = b + 899. Suppose -3 = 2*k - 69. What is the highest common divisor of k and x?
33
Suppose -3*y = -60 - 15. Let o(f) = -129*f. Let t(n) = 3485*n. Let r(g) = 55*o(g) + 2*t(g). Let k be r(-1). Calculate the greatest common divisor of y and k.
25
Suppose 77*k - 176 = 75*k. Let f(y) = -y - 19. Let z be f(0). Let n = 27 + z. What is the highest common factor of n and k?
8
Let q(d) = 110*d - 90 - 103*d - 52*d. Let y be q(-7). Calculate the greatest common divisor of 9 and y.
9
Suppose 0 = -3*p + 31 + 278. What is the greatest common factor of p and 18?
1
Let v(o) = 1474*o - 7281. Let x be v(5). What is the greatest common divisor of 12371 and x?
89
Let g = -1948 + 1998. Calculate the highest common factor of 725 and g.
25
Suppose 0 = -2*z - 2*p + 936, -49*p = 3*z - 47*p - 1409. Calculate the greatest common divisor of z and 172.
43
Let x = -19172 - -19307. Suppose -93 = -4*f + 5*i, -5*f - 7*i = -3*i - 147. What is the greatest common factor of f and x?
27
Let h(r) = 51*r**2 - 9*r + 4. Suppose -2*a + 3*q = -0*a - 14, -3*q - 17 = -5*a. Let j be h(a). What is the highest common divisor of j and 69?
23
Let h(k) = -30*k + 520. Let l be h(-64). Calculate the greatest common divisor of l and 160.
40
Suppose 0 = -84*z + 85*z + 3. Let k be (-10)/35 + (-765)/(-7) + z. Suppose -14*p + 6 = -k. Calculate the highest common factor of p and 1.
1
Suppose -2*q + 703 = t, t + 1053 = 3*q + 2*t. Let u be ((-2)/(-12))/((-7)/(-1386)) - (-2 - 0). Calculate the highest common divisor of q and u.
35
Let w be 5*((-29)/5 + -1). Let y = -25 - w. Calculate the greatest common divisor of y and 9.
9
Suppose 87*t - 78*t + 98*t = 164352. What is the greatest common factor of 48 and t?
48
Suppose -5*u - 10*u = -1350. Suppose 46*i = 56*i - u. Suppose -3*t - w - 2*w = -438, 422 = 3*t - 5*w. Calculate the highest common divisor of i and t.
9
Let a(t) = 2*t**2 + 31*t + 100. Let k be a(-4). Let x be ((-2)/k*2)/((-3)/30). Let u = 124 + -64. Calculate the greatest common divisor of u and x.
5
Let s be 90/(25/(-5))*15/(-6). Let r(x) = -7*x**2 + 2*x + 1. Let m be r(-2). Let l = m + s. Calculate the highest common factor of 7 and l.
7
Let b be -3*((-176)/12 + 7). Suppose 6*v + 187 = b*v. Suppose -4*w = -2*n + 248, -4*w + 6*w - 404 = -3*n. What is the highest common factor of n and v?
11
Let i = 13775 - 13555. Calculate the highest common divisor of 1991 and i.
11
Let j = -122 + 136. Suppose j = -4*d + 38. Calculate the greatest common factor of d and 15.
3
Let r(s) = 62*s - 5862. Let o be r(106). What is the highest common divisor of 213 and o?
71
Suppose -5*x + 762 + 1162 = i, -4*x - 4*i = -1552. Calculate the greatest common factor of x and 108.
12
Suppose -13*q + 96 = -3*q - 264. What is the greatest common divisor of 4 and q?
4
Let h(o) = 569*o - 9080. Let u be h(16). What is the greatest common divisor of u and 22368?
24
Let b(l) = -39*l + 1532. Let j be b(39). Calculate the highest common factor of j and 99.
11
Suppose -24*x = -71619 + 3891. What is the greatest common factor of 136 and x?
34
Let i(o) = 786*o**3 - 3*o**2 + 8*o - 2. Let p be i(2). Suppose 18*f - f = p. Calculate the highest common factor of f and 10.
10
Suppose -3*f - 2*l = 2*f - 4781, 0 = -5*f + 2*l + 4789. What is the highest common factor of 132 and f?
33
Let c be (-7 + 4)/((-24)/1048). Suppose -130*p - 46 = -c*p. What is the highest common divisor of 368 and p?
46
Let f = 7 + 9. Let r be 2 + (237 - (3 - -1)). Let h = 243 - r. Calculate the greatest common divisor of f and h.
8
Let u = -627 - -834. What is the greatest common divisor of u and 138?
69
Let i(l) = 15*l**2 - 4*l + 7. Let u be i(3). Suppose 0 = -5*x + 5*r + 195, -2*x = -460*r + 463*r - 78. Calculate the highest common divisor of u and x.
13
Let z be 2/2*89 - -2. Let a = 146 - 212. Let w = a - -79. What is the highest common factor of z and w?
13
Let p = 10 + -43. Let a = 7 - p. Suppose 0 = 2*w + 2*w - a. What is the greatest common factor of 80 and w?
10
Suppose 3*x = 0, a - 5519 + 47 = 3*x. What is the greatest common factor of 114 and a?
114
Let r = 208 + -206. Suppose -r*q + 4*y + 9 = y, -3*y - 3 = -q. What is the highest common divisor of q and 8?
2
Let y(i) be the second derivative of -i**2 + 6*i + 1/3*i**3 + 0. Let q be y(6). What is the greatest common divisor of 5 and q?
5
Let z(t) = 13*t**3 - 4*t**2 + 4*t. Let j be z(3). Let i = j + -314. What is the greatest common factor of i and 637?
13
Suppose 7*j - 4*j + w = 21332, 5*j = 5*w + 35580. What is the highest common divisor of 56 and j?
56
Let s(j) = j**3 + 6*j**2 - 13*j - 2. Let k be s(-6). Let h = k - 52. Let p = h + -15. Calculate the greatest common divisor of 9 and p.
9
Let p = -26 - -16. Let g be ((-12)/p)/((-2)/(-30)). Let q = -1224 - -1269. What is the highest common factor of q and g?
9
Let m = 33 - 35. Let v be ((5 - 17)/6)/(m/11). Suppose 0 = 5*d - 11 + 6. Calculate the highest common factor of v and d.
1
Let x be 2/8 + 1411236/432. Calculate the greatest common divisor of 121 and x.
121
Suppose 2*b - 174 - 552 = 0. Let r be (11*(-90)/(-198))/((-10)/(-1044)). Let f = r - b. Calculate the greatest common factor of 106 and f.
53
Let u = 20 - -3. Let j(w) = w**2 + 25*w - 3577. Let z be j(-76). Calculate the greatest common factor of z and u.
23
Suppose 0 = s + 10*s. Suppose 0 = -s*l - 4*l - 8, -200 = -4*m - 4*l. Calculate the greatest common divisor of 12 and m.
4
Let k = 438 + -432. Let i = -84 + 87. What is the greatest common factor of k and i?
3
Suppose 6*l + 14 = 13*l. Let g be (l*-1)/(6/(-9)). Let p(n) = n**3 + 7*n**2 + 5*n - 1. Let w be p(-5). What is the greatest common divisor of g and w?
3
Let i = -457 + 167. Let b = -274 - i. Let w = 27 + -3. What is the highest common divisor of b and w?
8
Let a(r) = -r**3 + 19*r**2 + 2*r - 46. Let n be a(19). Let i be (-16)/(-72) - (-44)/(-36)*n. What is the greatest common factor of i and 10?
10
Let n be 10392/114 + 18*12/(-1368). Suppose 657 = 2*u + 241. What is the highest common factor of u and n?
13
Let m(t) = -26*t - 22. Let z be m(-9). What is the greatest common divisor of 22 and z?
2
Let q = 2366 + -2343. Let o(s) = -s**2 - 7*s - 3. Let n be o(-5). Suppose -5*m - 138 = -n*m. Calculate the greatest common factor of m and q.
23
Let o(k) be the first derivative of k**3 + 17*k**2/2 + 55*k + 189. Let i be o(13). Calculate the greatest common divisor of 54 and i.
27
Let x(o) = -2*o**3 - 160*o**2 - 307*o + 402. Let l be x(-78). Calculate the greatest common factor of l and 11406.
6
Let z(m) = 326*m + 5782. Let j be z(-17). Calculate the highest common factor of 176 and j.
16
Let j = -2212 + 3123. Suppose 2*k = 3*a + 177 - j, -k - 1 = 0. What is the greatest common divisor of a and 183?
61
Suppose 0 = -27*q + 6998 + 670. Calculate the highest common divisor of q and 71.
71
Let s(x) = 2*x**2 + 12*x + 19. Let w be s(8). Let l = w + -203. Calculate the greatest common divisor of 24 and l.
8
Suppose 3*w = -32*i + 33*i - 15, -3*w + 3 = 2*i. Let v be ((-195)/i + 4)/(8/(-16)). Calculate the highest common factor of 228 and v.
57
Suppose -33*o + 2*q = -29*o - 28, 0 = 3*q + 12. Suppose -o*t + 12*m = 7*m - 710, 3*m = 5*t - 714. Calculate the highest common divisor of 80 and t.
16
Let x(r) = 63*r + 3. Let d be x(1). Suppose -3*c + 2*k - 109 = 0, 4*k + 84 = -2*c - 10. Let j = d + c. What is the greatest common factor of 27 and j?
27
Suppose -44 = -4*y + 5*n, -2 = -47*y + 48*y + 2*n. Calculate t